{"id":5739,"date":"2022-08-16T09:11:32","date_gmt":"2022-08-16T08:11:32","guid":{"rendered":"https:\/\/badcatsailing.com\/entorno\/cala-de-sant-pol\/"},"modified":"2026-03-27T20:14:45","modified_gmt":"2026-03-27T19:14:45","slug":"cala-de-sant-pol","status":"publish","type":"entorno","link":"https:\/\/badcatsailing.com\/ca\/costa-brava\/cala-de-sant-pol\/","title":{"rendered":"Cala de Sant Pol"},"content":{"rendered":"\n<p>Ubicada a S&#8217;Agar\u00f3, una de les m\u00e9s belles cales de la zona amb un gran valor hist\u00f2ric. Famosa per les aventures d&#8217;Ava Gardner i per les belles coves i caletes envoltades de penya-segats tocades pel turquesa de l&#8217;aigua de la Costa Brava. <\/p>\n","protected":false},"featured_media":302,"template":"","tipo_entorno":[49],"class_list":["post-5739","entorno","type-entorno","status-publish","has-post-thumbnail","hentry","tipo_entorno-costa-brava"],"acf":[],"_links":{"self":[{"href":"https:\/\/badcatsailing.com\/ca\/wp-json\/wp\/v2\/entorno\/5739","targetHints":{"allow":["GET"]}}],"collection":[{"href":"https:\/\/badcatsailing.com\/ca\/wp-json\/wp\/v2\/entorno"}],"about":[{"href":"https:\/\/badcatsailing.com\/ca\/wp-json\/wp\/v2\/types\/entorno"}],"version-history":[{"count":1,"href":"https:\/\/badcatsailing.com\/ca\/wp-json\/wp\/v2\/entorno\/5739\/revisions"}],"predecessor-version":[{"id":5741,"href":"https:\/\/badcatsailing.com\/ca\/wp-json\/wp\/v2\/entorno\/5739\/revisions\/5741"}],"wp:featuredmedia":[{"embeddable":true,"href":"https:\/\/badcatsailing.com\/ca\/wp-json\/wp\/v2\/media\/302"}],"wp:attachment":[{"href":"https:\/\/badcatsailing.com\/ca\/wp-json\/wp\/v2\/media?parent=5739"}],"wp:term":[{"taxonomy":"tipo_entorno","embeddable":true,"href":"https:\/\/badcatsailing.com\/ca\/wp-json\/wp\/v2\/tipo_entorno?post=5739"}],"curies":[{"name":"wp","href":"https:\/\/api.w.org\/{rel}","templated":true}]}}

<p>Ubicada a S&#8217;Agaró, una de les més belles cales de la zona amb un gran valor històric. Famosa per les aventures d&#8217;Ava Gardner i per les belles coves i caletes envoltades de penya-segats tocades pel turquesa de l&#8217;aigua de la Costa Brava. </p>
