{"id":5729,"date":"2022-08-16T09:11:32","date_gmt":"2022-08-16T08:11:32","guid":{"rendered":"https:\/\/badcatsailing.com\/entorno\/cala-de-sant-pol\/"},"modified":"2026-03-27T20:14:45","modified_gmt":"2026-03-27T19:14:45","slug":"cala-de-sant-pol","status":"publish","type":"entorno","link":"https:\/\/badcatsailing.com\/fr\/costa-brava\/cala-de-sant-pol\/","title":{"rendered":"Cala de Sant Pol"},"content":{"rendered":"\n<p>Situ\u00e9e \u00e0 S&#8217;Agar\u00f3, l&#8217;une des plus belles criques de la r\u00e9gion, charg\u00e9e d&#8217;histoire, elle est c\u00e9l\u00e8bre pour les aventures d&#8217;Ava Gardner et pour ses magnifiques grottes et criques entour\u00e9es de falaises, baign\u00e9es par les eaux turquoise de la Costa Brava. <\/p>\n","protected":false},"featured_media":304,"template":"","tipo_entorno":[48],"class_list":["post-5729","entorno","type-entorno","status-publish","has-post-thumbnail","hentry","tipo_entorno-costa-brava"],"acf":[],"_links":{"self":[{"href":"https:\/\/badcatsailing.com\/fr\/wp-json\/wp\/v2\/entorno\/5729","targetHints":{"allow":["GET"]}}],"collection":[{"href":"https:\/\/badcatsailing.com\/fr\/wp-json\/wp\/v2\/entorno"}],"about":[{"href":"https:\/\/badcatsailing.com\/fr\/wp-json\/wp\/v2\/types\/entorno"}],"version-history":[{"count":1,"href":"https:\/\/badcatsailing.com\/fr\/wp-json\/wp\/v2\/entorno\/5729\/revisions"}],"predecessor-version":[{"id":5733,"href":"https:\/\/badcatsailing.com\/fr\/wp-json\/wp\/v2\/entorno\/5729\/revisions\/5733"}],"wp:featuredmedia":[{"embeddable":true,"href":"https:\/\/badcatsailing.com\/fr\/wp-json\/wp\/v2\/media\/304"}],"wp:attachment":[{"href":"https:\/\/badcatsailing.com\/fr\/wp-json\/wp\/v2\/media?parent=5729"}],"wp:term":[{"taxonomy":"tipo_entorno","embeddable":true,"href":"https:\/\/badcatsailing.com\/fr\/wp-json\/wp\/v2\/tipo_entorno?post=5729"}],"curies":[{"name":"wp","href":"https:\/\/api.w.org\/{rel}","templated":true}]}}

<p>Située à S&#8217;Agaró, l&#8217;une des plus belles criques de la région, chargée d&#8217;histoire, elle est célèbre pour les aventures d&#8217;Ava Gardner et pour ses magnifiques grottes et criques entourées de falaises, baignées par les eaux turquoise de la Costa Brava. </p>
